+ 3*n + 3795 = -1792. What is the remainder when t is divided by 26?
18
Let r = -1000 + 1472. Calculate the remainder when r is divided by 14.
10
Suppose 143*v - 814 = 23668 - 887. What is the remainder when 569 is divided by v?
74
Let t(a) = -5*a - 2*a + 5 + 8. Let s = -276 - -274. What is the remainder when t(s) is divided by 10?
7
Suppose 80*z - 41*z - 28*z = 374. Let a = -2 - -4. Suppose -q = -a*q + z. Calculate the remainder when q is divided by 12.
10
Let z = 82 + -66. Let o(j) = j**3 - 15*j**2 - 17*j + 15. Let r be o(z). What is the remainder when 210/245*r/((-1)/49) is divided by 11?
9
Suppose 5*p - 249 = 56. Suppose -p = -11*f + 27. Calculate the remainder when 102 is divided by f.
6
Let b(h) = -h**2 + 55*h - 677. Calculate the remainder when 685 is divided by b(35).
18
Suppose -2*h - 115 = -3*q, -4*h + h - 152 = -4*q. Suppose -4*a - 4*m + q = -3*a, -5 = 5*m. Let d = 56 - a. Calculate the remainder when 21 is divided by d.
10
Suppose 0 = -4*t + v + 4*v + 11, 5 = 5*v. Suppose t*k - 429 = -7*k. Calculate the remainder when 543 is divided by k.
36
Suppose -5*g = -3*y + 50, 4*g + 58 = 3*y + 3*g. Let q(d) = 2*d**2 - 10182*d + 30554. What is the remainder when q(3) is divided by y + (-2 + 3)*-1?
7
Let v = 331 - 184. Suppose 28*k = v + 301. Suppose -3*i + 60 = 4*h - 141, 4*h - 327 = -5*i. Calculate the remainder when i is divided by k.
15
Let a(z) = 79*z - 1. Let m = 3507 - 3487. Calculate the remainder when a(1) is divided by m.
18
Suppose 5*m - 92 = 633. What is the remainder when m is divided by -8 - ((-4)/(-16))/(2/(-184))?
10
Let z(j) be the second derivative of -139*j**3/6 - 387*j**2/2 + 110*j + 1. Calculate the remainder when z(-7) is divided by 28.
26
Let h be 0 + 11 - (4 + 0). Suppose -h*g + 8*g = 52. Calculate the remainder when 293 is divided by 2 - (2/13 - 2088/g).
41
Calculate the remainder when 3*((-42)/(-9) - 2) - (-1334)/23 is divided by 6*((-32)/6)/(-2).
2
Suppose -5*j + 105 = 13*p - 14*p, -84 = -4*j - 2*p. Calculate the remainder when j is divided by 1/(-4) + -4*(-294)/96.
9
Let o(v) = -6*v - 12. Let p be o(-2). Suppose 2*d + 5*d - 91 = p. Let n = -24 + 43. Calculate the remainder when n is divided by d.
6
Suppose 82 = 4*r - h - 219, 2*r - 164 = -4*h. Let z be 943*(-6)/(-54) - 2/(-9). Suppose -63 = 6*f - z. What is the remainder when r is divided by f?
6
Let v(m) = -12*m**2 + 67*m + 13. Suppose 6*k - k = 90. Calculate the remainder when v(5) is divided by k.
12
Calculate the remainder when (-456050)/(-800) + (-3)/48 is divided by 22.
20
Let t(k) = -43*k + 518. What is the remainder when t(-5) is divided by 179?
17
Suppose -3*d + 103 = -u, -d = -u - 27 - 10. Calculate the remainder when 9964 is divided by d.
31
Let c = 39 - 39. Suppose c = -26*u + 17*u + 45. Calculate the remainder when 22 is divided by u.
2
Let x(p) = p**3 - 15*p**2 + 76*p - 95. Calculate the remainder when 60 is divided by x(7).
15
Let n(c) = -c**2 - 12*c - 34. Let i be n(-7). Calculate the remainder when 44 is divided by (18/24)/(i + 6/(-8)).
2
Suppose 12*w = -12 + 60. Suppose -w*t + 324 = 4*s, 4*t - s - 324 = -0*s. Suppose -19*d + t = -33. Calculate the remainder when 10 is divided by d.
4
Let h(j) = -16*j**2 + 97*j + 8. Calculate the remainder when 276 is divided by h(5).
90
Let n(i) = 9*i**2 - 285*i - 51. What is the remainder when n(32) is divided by 34?
11
What is the remainder when (-180)/150 - (-1566)/5 is divided by 5?
2
Let k = -332 - -392. Suppose 0 = 5*w - 3*w - 4*n - 34, 2*n + 68 = 4*w. Calculate the remainder when k is divided by w.
9
Let d be (12/14)/(72/5712). Suppose -5*n + 7 = -23. Suppose d = 10*g - n*g. Calculate the remainder when 66 is divided by g.
15
Let f = 3677 + -3164. What is the remainder when f is divided by 38?
19
Let a = -662 - -950. Suppose -18*m + a = -2*m. Suppose 61 = 2*l - 3*g, 5*l - 5*g - 93 - 67 = 0. What is the remainder when l is divided by m?
17
Let n(t) = -t**3 + 19*t**2 + 69*t - 51. What is the remainder when 1858 is divided by n(22)?
13
Suppose 363 = -9262*f + 9273*f. Calculate the remainder when 131 is divided by f.
32
Let n(k) = 2*k**3 + 6*k**2 - 30*k + 1. Let o be (12/10)/((-12)/440). Let y = 12 - o. Calculate the remainder when y is divided by n(3).
18
Let g(h) = -h**2 - 19*h - 18. Let j(m) = -16*m**3 - 1. Let p = -15 - -16. Let q be j(p). What is the remainder when 31 is divided by g(q)?
15
Let g(r) = r**2 + 14*r - 8. Suppose 0 = -i + 5, 29 - 9 = -2*n - 2*i. Let j(f) = 11*f + 409. What is the remainder when j(-33) is divided by g(n)?
4
Let a(m) = m**2 - 5*m + 19. Let n(q) = -2*q**2 + 10*q - 37. Let s(o) = -5*a(o) - 3*n(o). What is the remainder when 109 is divided by s(5)?
13
Suppose 11*c - 33058 - 7468 = -1190. What is the remainder when c is divided by 3?
0
Let g = -1924 + 1938. Let k = -65 + 106. What is the remainder when k is divided by g?
13
Let h = 5156 - 2316. Calculate the remainder when h is divided by 9.
5
What is the remainder when 2603 is divided by (-34 + -152)/((16/(-12))/((-2)/(-3)))?
92
Let y(b) = 2*b**2 - 6*b - 2. Let i be y(5). Let z = -6 + i. Let c(l) = l**2 - 14*l + 30. What is the remainder when 8 is divided by c(z)?
2
Let v(o) = 3*o**3 - 6*o**2 + 7*o - 22. Let q be (-56)/(-20) + 1/5. Calculate the remainder when 102 is divided by v(q).
24
Suppose -3*r - 11*r = -2254. Suppose 9*c - 2*c - r = 0. Suppose 5*h - 153 = -2*u, 5*u + h + 0*h - 325 = 0. What is the remainder when u is divided by c?
18
Calculate the remainder when 358 is divided by (-18)/(2376/(-8327)) + 2/(-24).
43
Let t(s) = -s**3 - 36*s**2 + 76*s + 18. Let m = -89 + 153. Calculate the remainder when m is divided by t(-38).
10
Let d(g) = 4*g - 18. Let w be d(5). Let m(q) = -3*q - 10 + 1 + w. Calculate the remainder when m(-18) is divided by 16.
15
Let f = -27 + 32. Let c(n) = n**2 + 4. Let k(z) = -13*z - 5. What is the remainder when k(-7) is divided by c(f)?
28
Suppose 410 = -61*w + 63*w - 2*y, 0 = -3*w - 2*y + 615. Calculate the remainder when w is divided by 26.
23
Let q = 6168 - 6165. Let i(l) = -l + 2. Calculate the remainder when i(-9) is divided by q.
2
Suppose -4*i = -12 - 4. Suppose -i*w - 3 = 33. Let d = w - -52. What is the remainder when d is divided by 15?
13
Let l(q) = -18*q - 13*q - 24 - 6. Calculate the remainder when l(-2) is divided by 9.
5
Let h(p) = -p**3 - 38*p**2 - 4*p - 149. Suppose -4*y + 9 = -3. What is the remainder when y is divided by h(-38)?
0
Suppose 19*j - 3294 = j. Let n = j - 170. Calculate the remainder when 73 is divided by n.
8
Suppose 3*m + 5*p - 357 - 614 = 0, -20 = -5*p. Calculate the remainder when m is divided by 20.
17
Suppose 10*t + 8*t - 4320 = 0. Suppose -5*u + t = 4*z, 4*z = 12 + 8. What is the remainder when 81 is divided by u?
37
Let x(b) = 2*b**2 + 94*b + 500. What is the remainder when 159 is divided by x(-41)?
7
Let k(b) = 448*b + 279. Let m be k(3). Let w = -800 + m. Calculate the remainder when w is divided by 55.
53
Let r(h) = 49*h - 32*h + 20*h + 303. What is the remainder when 101 is divided by r(-8)?
3
Let n(m) = m**3 + 48*m**2 + 18*m - 2007. Calculate the remainder when n(-46) is divided by 100.
97
Let y be (-4 + -5 + 10)*(-1 + 4). Suppose -2*o = 4*v - 716, -14*v - y*o = -13*v - 184. Calculate the remainder when v is divided by 61.
56
Let k(a) = 38*a**3 + 4*a**2 + 8*a - 11. Let r(p) = -35*p - 139. Let x be r(-4). What is the remainder when 544 is divided by k(x)?
37
Let a be 4*21/24*-26. Let q = a - -43. Let r = q - -84. What is the remainder when 68 is divided by r?
32
Suppose -1338 = 26*x - 4614. What is the remainder when 138 is divided by x?
12
Suppose 103*y - 2440 = 83*y. Calculate the remainder when y is divided by 22.
12
Let w(h) = -764*h**3 - h**2 - 7*h - 6. Let l be w(-1). Let g = l + -731. What is the remainder when 1*-1*2 - -199 is divided by g?
32
Let k(y) = -y**3 - 13*y**2 - 9*y - 6. Suppose 16 = -4*u, 3*u = 5*c - 6 + 54. Let n be k(c). Let d = -32 - n. What is the remainder when 69 is divided by d?
9
What is the remainder when (-7224)/(-12) - -10 - 1 is divided by 206?
199
Suppose 53 + 59 = 6*i + 40. Let a(q) = 23*q + 3. Let b be a(3). Let m = b + -16. What is the remainder when m is divided by i?
8
Suppose 7 = -5*f + 5*r + 52, -5*f - 5*r = 5. Suppose 4*b - 72 = 3*n - n, f*n + 8 = 0. What is the remainder when b is divided by 3?
2
Suppose 5*s + c = 16